{"id":819,"date":"2023-04-06T16:30:58","date_gmt":"2023-04-06T14:30:58","guid":{"rendered":"http:\/\/38.242.238.213\/?page_id=819"},"modified":"2023-04-06T16:31:28","modified_gmt":"2023-04-06T14:31:28","slug":"rregullore","status":"publish","type":"page","link":"https:\/\/dhkpgjp.al\/index.php\/legjislacioni\/akte-nenligjore\/rregullore\/","title":{"rendered":"RREGULLORE"},"content":{"rendered":"<div id=\"main\">\n<div id=\"content\">\n<div class=\"hfeed\">\n<div id=\"post-184\" class=\"hentry page publish post-1 odd author-admin\">\n<div class=\"entry-content\">\n<p><strong><a href=\"http:\/\/www.nchb.al\/wp-content\/uploads\/2021\/04\/Rregullore-e-Mbledhjeve-t%C3%AB-Asambles%C3%AB-17.12.2020.pdf\" target=\"_blank\" rel=\"noopener\">Rregullore e Mbledhjeve t\u00eb Asambles\u00eb s\u00eb P\u00ebrgjithshme<\/a><\/strong><br \/>\nObjekti i k\u00ebsaj rregulloreje \u00ebsht\u00eb p\u00ebrcaktimi i rregullave mbi organizimin dhe zhvillimin e mbledhjeve n\u00eb Asamblen\u00eb e P\u00ebrgjithshme t\u00eb Dhom\u00ebs Komb\u00ebtare t\u00eb P\u00ebrmbaruesve Gjyq\u00ebsor\u00eb Privat\u00eb, si dhe n\u00eb zgjedhjen e Organeve Drejtuese t\u00eb saj.<\/p>\n<p><a href=\"http:\/\/www.nchb.al\/wp-content\/uploads\/2015\/02\/Rregullorja-e-Ankesave-NCHB.doc\" target=\"_blank\" rel=\"noopener\"><strong>Rregullore e Trajtimit t\u00eb Ankesave t\u00eb Depozituara Pran\u00eb Dhom\u00ebs Komb\u00ebtare t\u00eb P\u00ebrmbaruesve Gjyq\u00ebsor\u00eb Privat\u00eb<\/strong><\/a><br \/>\nRregullorja ka si q\u00ebllim t\u00eb p\u00ebrcaktoj\u00eb rregullat dhe procedurat p\u00ebr zbatimin e nj\u00eb standarti ligjor, n\u00eb shqyrtimin dhe disiplinimin efektiv t\u00eb sjelljeve t\u00eb subjekteve p\u00ebrmbarimore t\u00eb kryera n\u00eb shkelje t\u00eb rregullave etike dhe parashikimeve ligjore, si dhe t\u00eb garantoj\u00eb t\u00eb drejtat e pal\u00ebve, t\u00eb cilat p\u00ebrfshihen n\u00eb nj\u00eb proces ankimimi pran\u00eb Dh.K.P.Gj.P.<\/p>\n<p><a href=\"http:\/\/www.nchb.al\/wp-content\/uploads\/2015\/09\/Rregullore-p%C3%ABr-QZHAPP.pdf\" target=\"_blank\" rel=\"noopener\"><strong>Rregullore p\u00ebr Administrimin e Qendr\u00ebs s\u00eb Zhvillimit t\u00eb Ankandeve Publike P\u00ebrmbarimore \u2013 QZHAPP<\/strong><\/a><br \/>\nObjekti i k\u00ebsaj rregulloreje \u00ebsht\u00eb p\u00ebrcaktimi i rregullave mbi administrimin dhe funksionimin e Qendr\u00ebs s\u00eb Zhvillimit t\u00eb Ankandeve Publike P\u00ebrmbarimore \u2013 QZHAPP, t\u00eb krijuar pran\u00eb Dhom\u00ebs Komb\u00ebtare t\u00eb P\u00ebrmbaruesve Gjyq\u00ebsor\u00eb Privat\u00eb, n\u00eb zbatim t\u00eb Ligjit Nr.10031, dat\u00eb 11.12.2008 \u201cP\u00ebr Sh\u00ebrbimin P\u00ebrmbarimor Gjyq\u00ebsor Privat\u201d, si edhe akteve n\u00ebnligjore n\u00eb zbatim t\u00eb tij.<\/p>\n<p><a href=\"http:\/\/www.nchb.al\/wp-content\/uploads\/2021\/04\/Rregullorja-p%C3%ABr-mbik%C3%ABqyrjen-e-veprimtaris%C3%AB.pdf\" target=\"_blank\" rel=\"noopener\"><strong>Rregullore p\u00ebr mbik\u00ebqyrjen e veprimtaris\u00eb dhe sjelljen profesionale\u00a0 t\u00eb p\u00ebrmbaruesve gjyq\u00ebsor\u00eb privat\u00eb, si dhe ndihm\u00ebsp\u00ebrmbaruesve<\/strong><strong>\u00a0\u00a0nga ana e dhom\u00ebs komb\u00ebtare t\u00eb p\u00ebrmbaruesve gjyq\u00ebsor\u00eb privat\u00eb.<\/strong><\/a><\/p>\n<p><a href=\"http:\/\/www.nchb.al\/wp-content\/uploads\/2021\/04\/Rregullorja-p%C3%ABr-QKT.pdf\" target=\"_blank\" rel=\"noopener\"><strong>Rregulla mbi llojet e trajnimeve, financimin nga kurset e trajnimit dhe m\u00ebnyr\u00ebn e administrimit \u00a0t\u00eb qendr\u00ebs komb\u00ebtare t\u00eb trajnimit t\u00eb p\u00ebrmbaruesve \u00a0nga Dhoma Komb\u00ebtare e P\u00ebrmbaruesve Gjyq\u00ebsor\u00eb Privat\u00eb.<\/strong><\/a><\/p>\n<\/div>\n<\/div>\n<\/div>\n<\/div>\n<\/div>\n","protected":false},"excerpt":{"rendered":"<p>Rregullore e Mbledhjeve t\u00eb Asambles\u00eb s\u00eb P\u00ebrgjithshme Objekti i k\u00ebsaj rregulloreje \u00ebsht\u00eb p\u00ebrcaktimi i rregullave mbi organizimin dhe zhvillimin e mbledhjeve n\u00eb Asamblen\u00eb e P\u00ebrgjithshme t\u00eb Dhom\u00ebs Komb\u00ebtare t\u00eb P\u00ebrmbaruesve Gjyq\u00ebsor\u00eb Privat\u00eb, si dhe n\u00eb zgjedhjen e Organeve Drejtuese t\u00eb saj. Rregullore e Trajtimit t\u00eb Ankesave t\u00eb Depozituara Pran\u00eb Dhom\u00ebs Komb\u00ebtare t\u00eb P\u00ebrmbaruesve Gjyq\u00ebsor\u00eb Privat\u00eb [&hellip;]<\/p>\n","protected":false},"author":1,"featured_media":0,"parent":71,"menu_order":0,"comment_status":"closed","ping_status":"closed","template":"","meta":{"ngg_post_thumbnail":0,"pgc_sgb_lightbox_settings":"","footnotes":""},"class_list":["post-819","page","type-page","status-publish","hentry"],"_links":{"self":[{"href":"https:\/\/dhkpgjp.al\/index.php\/wp-json\/wp\/v2\/pages\/819","targetHints":{"allow":["GET"]}}],"collection":[{"href":"https:\/\/dhkpgjp.al\/index.php\/wp-json\/wp\/v2\/pages"}],"about":[{"href":"https:\/\/dhkpgjp.al\/index.php\/wp-json\/wp\/v2\/types\/page"}],"author":[{"embeddable":true,"href":"https:\/\/dhkpgjp.al\/index.php\/wp-json\/wp\/v2\/users\/1"}],"replies":[{"embeddable":true,"href":"https:\/\/dhkpgjp.al\/index.php\/wp-json\/wp\/v2\/comments?post=819"}],"version-history":[{"count":2,"href":"https:\/\/dhkpgjp.al\/index.php\/wp-json\/wp\/v2\/pages\/819\/revisions"}],"predecessor-version":[{"id":821,"href":"https:\/\/dhkpgjp.al\/index.php\/wp-json\/wp\/v2\/pages\/819\/revisions\/821"}],"up":[{"embeddable":true,"href":"https:\/\/dhkpgjp.al\/index.php\/wp-json\/wp\/v2\/pages\/71"}],"wp:attachment":[{"href":"https:\/\/dhkpgjp.al\/index.php\/wp-json\/wp\/v2\/media?parent=819"}],"curies":[{"name":"wp","href":"https:\/\/api.w.org\/{rel}","templated":true}]}}