{"id":102,"date":"2022-10-04T13:48:02","date_gmt":"2022-10-04T13:48:02","guid":{"rendered":"http:\/\/38.242.238.213\/?page_id=102"},"modified":"2026-01-27T16:27:40","modified_gmt":"2026-01-27T14:27:40","slug":"perberja","status":"publish","type":"page","link":"https:\/\/dhkpgjp.al\/index.php\/komisioni-disiplinor\/perberja\/","title":{"rendered":"P\u00cbRB\u00cbRJA"},"content":{"rendered":"<div>Komisioni Disiplinor i P\u00ebrmbaruesve Gjyq\u00ebsor\u00eb Privat\u00eb p\u00ebrb\u00ebhet nga 3 an\u00ebtar\u00eb:<\/div>\n<ol start=\"1\">\n<li>\n<div>Z.&nbsp;Artan Hajdari \u2013 Kryetar (Shkolla e Magjistratur\u00ebs);<\/div>\n<\/li>\n<li>\n<div>Znj. Alketa Elezi \u2013 An\u00ebtar, (Ministria e Drejt\u00ebsis\u00eb);<\/div>\n<\/li>\n<li>\n<div>Z. Tedi Malaveci&nbsp;\u2013 An\u00ebtar, Dhoma Komb\u00ebtare e P\u00ebrmbaruesve Gjyq\u00ebsor\u00eb Privat\u00eb.<\/div>\n<\/li>\n<\/ol>\n","protected":false},"excerpt":{"rendered":"<p>Komisioni Disiplinor i P\u00ebrmbaruesve Gjyq\u00ebsor\u00eb Privat\u00eb p\u00ebrb\u00ebhet nga 3 an\u00ebtar\u00eb: Z.&nbsp;Artan Hajdari \u2013 Kryetar (Shkolla e Magjistratur\u00ebs); Znj. Alketa Elezi \u2013 An\u00ebtar, (Ministria e Drejt\u00ebsis\u00eb); Z. Tedi Malaveci&nbsp;\u2013 An\u00ebtar, Dhoma Komb\u00ebtare e P\u00ebrmbaruesve Gjyq\u00ebsor\u00eb Privat\u00eb.<\/p>\n","protected":false},"author":1,"featured_media":0,"parent":100,"menu_order":1,"comment_status":"closed","ping_status":"closed","template":"template\/fullwidth.php","meta":{"ngg_post_thumbnail":0,"pgc_sgb_lightbox_settings":"","footnotes":""},"class_list":["post-102","page","type-page","status-publish","hentry"],"_links":{"self":[{"href":"https:\/\/dhkpgjp.al\/index.php\/wp-json\/wp\/v2\/pages\/102","targetHints":{"allow":["GET"]}}],"collection":[{"href":"https:\/\/dhkpgjp.al\/index.php\/wp-json\/wp\/v2\/pages"}],"about":[{"href":"https:\/\/dhkpgjp.al\/index.php\/wp-json\/wp\/v2\/types\/page"}],"author":[{"embeddable":true,"href":"https:\/\/dhkpgjp.al\/index.php\/wp-json\/wp\/v2\/users\/1"}],"replies":[{"embeddable":true,"href":"https:\/\/dhkpgjp.al\/index.php\/wp-json\/wp\/v2\/comments?post=102"}],"version-history":[{"count":8,"href":"https:\/\/dhkpgjp.al\/index.php\/wp-json\/wp\/v2\/pages\/102\/revisions"}],"predecessor-version":[{"id":1240,"href":"https:\/\/dhkpgjp.al\/index.php\/wp-json\/wp\/v2\/pages\/102\/revisions\/1240"}],"up":[{"embeddable":true,"href":"https:\/\/dhkpgjp.al\/index.php\/wp-json\/wp\/v2\/pages\/100"}],"wp:attachment":[{"href":"https:\/\/dhkpgjp.al\/index.php\/wp-json\/wp\/v2\/media?parent=102"}],"curies":[{"name":"wp","href":"https:\/\/api.w.org\/{rel}","templated":true}]}}